85).
-21
Let b(u) = 439*u - 1392. Give b(3).
-75
Let r(o) = 7*o**3 + 14*o**2 + 54*o + 66. Give r(-4).
-374
Let y(l) = -31677*l + 7095653. Calculate y(224).
5
Let n(l) = -2284*l + 242781. Give n(106).
677
Let x(y) = -59*y + 504. What is x(15)?
-381
Let o(c) = 159*c**3 - 117*c + 228. What is o(2)?
1266
Let o(c) = c**3 + 30*c**2 + 150*c - 141. What is o(-12)?
651
Let w(z) = 5*z**2 + 1085*z + 11268. Calculate w(-206).
-62
Let q(p) = -p**2 + 253*p + 3070. Determine q(-11).
166
Let k(w) = w**3 - 13*w**2 - 415*w - 1781. What is k(-7)?
144
Let m(s) = 9619*s + 38268. Give m(-4).
-208
Let b(c) = 187*c**3 + 6*c**2 - 448*c + 1320. What is b(3)?
5079
Let o(g) = g**2 + 10*g - 7690. What is o(88)?
934
Let u(v) = 12085*v + 205505. What is u(-17)?
60
Let n(u) = -2*u**3 - 74*u**2 - 87*u - 9510. What is n(-39)?
-33
Let c(y) = -y**3 - 190*y**2 - 9017*y + 138. Calculate c(-98).
236
Let u(t) = -8783*t + 781680. Give u(89).
-7
Let k(w) = -8*w**2 + 555*w - 9396. Calculate k(40).
4
Let d(o) = -o**3 + 256*o**2 - 311*o + 14289. Determine d(255).
9
Let w(h) = -h**3 + 8*h**2 + 5851*h - 52490. What is w(9)?
88
Let d(g) = 4*g**3 - 69*g**2 + g - 1352. Calculate d(0).
-1352
Let k(a) = 4861*a + 291664. What is k(-60)?
4
Let u(r) = -226*r**2 - 88142*r - 873. What is u(-390)?
-93
Let z(l) = -26407*l**2 + 79225*l - 8. Give z(3).
4
Let q(k) = -2*k**3 - k**2 - 22*k - 110. Calculate q(13).
-4959
Let l(m) = -13*m**3 + 3*m**2 - 1522*m - 9107. Give l(-6).
2941
Let w(b) = -15*b**2 + 148*b - 150. What is w(9)?
-33
Let w(p) = 11566*p - 3018761. Calculate w(261).
-35
Let s(o) = -2*o**3 - 23*o**2 + 2595*o + 28690. Calculate s(-11).
24
Let s(v) = -130209*v - 911474. Give s(-7).
-11
Let f(m) = -57*m**2 + 8102*m - 671. Determine f(142).
465
Let w(y) = -2922*y + 1832115. Determine w(627).
21
Let w(u) = -2*u**3 + 107*u**2 + 177*u - 6743. Determine w(54).
-101
Let g(y) = -y**2 + 57*y + 4196. Determine g(-40).
316
Let q(v) = -v**3 - 152*v**2 + 1972*v - 4723. Determine q(9).
-16
Let m(x) = 2*x**3 + 579*x**2 + 345*x + 16287. Give m(-289).
103
Let w(i) = -11*i**3 + 5*i**2 - 11*i + 17. What is w(3)?
-268
Let y(u) = u**3 + 29*u**2 - 143*u - 2435. Calculate y(-31).
76
Let a(y) = -y**3 + 646*y**2 - 1326*y + 24468. Determine a(644).
-4
Let v(u) = 7189*u + 72416. Give v(-10).
526
Let i(u) = 420*u + 21694. Give i(-55).
-1406
Let x(y) = -9641*y - 57835. What is x(-6)?
11
Let n(o) = -o**2 - 1001*o + 16307. Calculate n(16).
35
Let x(m) = 7*m**3 - m**2 - 2117*m - 8519. What is x(-4)?
-515
Let x(s) = -2*s**3 + 8*s**2 + 47*s - 55. Determine x(1).
-2
Let p(i) = -7*i**2 - 202*i - 1138. What is p(-21)?
17
Let u(g) = -g**3 + 271*g**2 - 1857*g + 2391. Determine u(264).
15
Let m(n) = -2*n**2 + 35*n - 59. Calculate m(26).
-501
Let k(z) = 1093*z**2 - 11970*z - 580. Calculate k(11).
3
Let m(q) = -q**3 + 106*q**2 + 3520*q - 1910. Determine m(-27).
7
Let m(y) = -y**2 - 4121*y + 70340. Calculate m(17).
-6
Let v(y) = -y**3 - 32*y**2 - 25*y + 1783. Determine v(-10).
-167
Let y(c) = -10*c**2 - 78*c - 153. Determine y(-5).
-13
Let f(q) = -59*q**3 + 1419*q**2 - 10*q - 1486. What is f(24)?
2
Let a(r) = 16446*r - 542717. Calculate a(33).
1
Let w(u) = u**2 - 659*u - 8135. Calculate w(-12).
-83
Let a(l) = -3*l**3 + 122*l**2 - 52*l - 914. Calculate a(40).
206
Let s(q) = -q**3 + 91*q**2 + 74*q + 10457. Determine s(93).
41
Let n(j) = -74966*j + 25263538. Give n(337).
-4
Let t(v) = -v**2 + 479*v - 33975. What is t(87)?
129
Let p(l) = 9*l**3 - 254*l**2 - 1297*l - 39. What is p(-5)?
-1029
Let m(f) = 11*f**2 + 7007*f - 78421. Determine m(-648).
-13
Let i(k) = -2*k**3 + 15*k**2 + 382*k - 2732. What is i(7)?
-9
Let j(h) = 649*h - 58425. Calculate j(90).
-15
Let h(v) = v**3 + 337*v**2 + 628*v - 14075. Give h(-335).
-5
Let a(p) = -230*p**2 - 2766*p - 59. Calculate a(-12).
13
Let u(o) = -6*o - 768. Calculate u(-128).
0
Let q(f) = 159*f**2 - 6586*f + 2785. Calculate q(41).
38
Let c(r) = -57*r - 1264. Give c(-20).
-124
Let v(x) = 1494*x**2 + 47821*x + 367. Determine v(-32).
-49
Let x(c) = 9*c**3 - 5*c**2 + 46*c + 50. Determine x(-1).
-10
Let o(j) = -j**3 + 14*j**2 - 38*j + 243. What is o(9)?
306
Let r(p) = 19*p**2 + 14542*p + 162881. Calculate r(-754).
17
Let u(h) = h**2 + 60*h + 40. Determine u(7).
509
Let w(h) = -21197*h - 402736. Give w(-19).
7
Let p(h) = 438*h**2 + 3614*h + 17. Determine p(-8).
-863
Let g(q) = -q**3 + 588*q**2 - 4052*q - 8708. Determine g(581).
7
Let r(p) = -246*p + 4633. Give r(25).
-1517
Let l(q) = 51*q**2 + 204*q + 236. What is l(-2)?
32
Let t(h) = 100*h**2 - 24722*h + 5590. Calculate t(247).
156
Let z(s) = s**2 - 29*s - 2237. Calculate z(77).
1459
Let d(q) = q**2 + 114*q + 2446. Determine d(-89).
221
Let y(i) = 697583*i - 3487905. What is y(5)?
10
Let t(c) = -66*c**2 - 587*c - 587. Calculate t(-1).
-66
Let u(k) = -336*k + 37672. What is u(112)?
40
Let d(p) = 2*p**3 - 866*p**2 + 2600*p - 8598. What is d(430)?
2
Let v(d) = 1460*d**2 - 132852*d - 759. Calculate v(91).
-31
Let o(d) = -913*d**2 - 5098*d - 2689. Calculate o(-5).
-24
Let s(v) = -4068*v + 12341. What is s(3)?
137
Let x(w) = -31*w**2 + 42*w - 301. What is x(8)?
-1949
Let k(y) = y**3 - 5635*y**2 - 11*y. Calculate k(0).
0
Let g(u) = 12344*u - 148123. Determine g(12).
5
Let p(d) = 6*d**3 - 1558*d**2 + 1037*d - 448. What is p(259)?
-189
Let m(s) = -2*s**3 - 424*s**2 - 7690*s - 186. What is m(-20)?
14
Let x(z) = -z**2 + 21*z + 107803. Calculate x(-318).
1
Let z(i) = 82*i**2 + 481*i - 60. What is z(-6)?
6
Let b(n) = 31*n + 11027. Calculate b(-207).
4610
Let q(b) = 5*b**2 + 16436*b + 761450. Calculate q(-47).
3
Let r(o) = 4578*o - 18274. Determine r(4).
38
Let q(v) = v**2 - 641*v + 42922. Determine q(75).
472
Let l(m) = -2*m**3 - 16*m**2 + 109*m + 781. Give l(-10).
91
Let z(v) = v**3 + 193*v**2 - 567*v + 4090. What is z(-196)?
-26
Let h(w) = -72*w**2 + 285*w - 233. Calculate h(3).
-26
Let g(v) = 277028*v + 831090. What is g(-3)?
6
Let r(c) = -c**2 - 864*c - 124034. Calculate r(-182).
90
Let b(g) = -g**3 + 24*g**2 - 35*g - 921. What is b(19)?
219
Let k(d) = d**2 + 112*d - 342. Give k(-20).
-2182
Let h(n) = 763*n**2 + 5504*n + 1160. Give h(-7).
19
Let q(k) = -4318*k + 1727207. Calculate q(400).
7
Let d(l) = 696*l**2 + 2703*l - 291. What is d(-4)?
33
Let z(l) = -381*l - 5333. Calculate z(-13).
-380
Let q(m) = -2*m**2 - 311*m + 7934. What is q(-178)?
-76
Let r(d) = -d**3 + 72*d**2 + 235*d - 7702. Calculate r(74).
-1264
Let h(z) = 250*z - 1603. What is h(8)?
397
Let m(v) = 1825*v - 3062. Calculate m(5).
6063
Let q(c) = -26*c + 259. Determine q(25).
-391
Let r(s) = -s**3 - 37*s**2 + 818*s - 1584. Give r(-53).
6
Let t(p) = p**3 - 253*p**2 - 1008*p - 5116. Determine t(257).
24
Let n(u) = -u**2 - 546*u + 20943. Give n(-582).
-9
Let m(s) = -4820*s - 530195. Give m(-110).
5
Let c(b) = -b**3 - 43*b**2 - 270*b - 2404. Give c(-35).
-2754
Let u(l) = -65*l**2 + 9960*l + 117427. Give u(-11).
2
Let s(i) = 1313*i - 11962. Determine s(14).
6420
Let o(u) = -3*u**3 + 309*u**2 - 312*u + 620. Give o(102).
8
Let n(o) = o**3 + 7*o**2 - 4764*o - 38054. Calculate n(-8).
-6
Let f(a) = a**3 - 32*a**2 + 26272*a - 813478. Determine f(31).
-7
Let f(p) = 8444*p + 14962759. What is f(-1772)?
-9
Let d(f) = -108898*f**2 + 1197878*f + 13. Calculate d(11).
13
Let q(b) = 1828*b + 138959. Calculate q(-76).
31
Let o(m) = -572*m + 39148. Give o(69).
-320
Let s(l) = l**3 - 58*l**2 - 130*l + 354. Determine s(60).
-246
Let w(z) = -2*z**3 + 23*z**2 + 510*z - 4278. Determine w(19).
-3
Let n(v) = v**2 + 200*v + 18. Determine n(-200).
18
Let l(p) = 406308*p - 3656782. Calculate l(9).
-10
Let z(m) = -m**3 - 33*m**2 + 181*m + 5309. Calculate z(-34).
311
Let n(r) = -2*r**3 + 9*r**2 + 32*r - 91. Give n(9).
-532
Let h(r) = -r**3 + 125*r**2 - 1945*r + 32454. Determine h(110).
4
Let x(j) = -31*j - 1096. Determine x(-63).
857
Let r(s) = -1540*s + 27754. Give r(19).
-1506
Let k(n) = -n**3 - 54*n**2 - 423*n + 5324. Determine k(-20).
184
Let g(o) = -2*o**2 + 1630*o + 28410. What is g(-17)?
122
Let d(c) = -2968*c - 21452. Determine d(-7).
-676
Let f(w) = 15*w**2 - 76*w + 28. Give f(-12).
3100
Let x(t) = -t**3 + 55*t**2 + 11015*t - 72. Give x(-81).
9
Let u(a) = a**2 - 156*a + 4892. Give u(53).
-567
Let o(d) = 644*d + 5787. Determine o(-7).
1279
Let l(c) = 8*c**2 + 2660*c + 15888. Determine l(-6).
216
Let c(s) = -760597*s - 30423